9
Let t(m) = 360*m - 1804. What is t(5)?
-4
Let x(c) = 38*c**2 - 6*c + 22. What is x(2)?
162
Let b(q) = 12*q - 311. Give b(25).
-11
Let p(h) = -13*h**2 - 13*h + 12. What is p(1)?
-14
Let x(k) = -961*k - 47102. Determine x(-49).
-13
Let x(w) = w**3 - 86*w**2 - 18*w + 1553. Calculate x(86).
5
Let i(s) = 37*s + 52. Calculate i(-1).
15
Let n(w) = w**3 + 44*w**2 + 202*w + 276. What is n(-39)?
3
Let t(j) = -590*j - 7120. Determine t(-12).
-40
Let i(f) = -f**3 - 10*f**2 - 15*f - 61. Calculate i(-9).
-7
Let o(g) = g - 153. Calculate o(0).
-153
Let d(x) = 6*x**3 + 25*x**2 - x - 19. Determine d(-4).
1
Let l(t) = 6*t**2 - 42*t - 82. What is l(-2)?
26
Let m(c) = c**3 + 23*c**2 - 334*c + 33. Determine m(10).
-7
Let m(f) = 3*f**2 - 243*f - 288. Determine m(82).
-42
Let k(j) = 2*j - 172. Give k(-22).
-216
Let q(c) = 16*c**2 + 16*c - 2. Give q(0).
-2
Let b(c) = -c**2 + 5*c + 148. What is b(10)?
98
Let r(b) = -10*b**2 - 269*b - 264. Give r(-1).
-5
Let i(y) = -y**2 + 393*y - 8161. Determine i(22).
1
Let p(u) = u**2 + 46*u + 249. Determine p(-39).
-24
Let v(q) = -q**3 - 11*q**2 + 73*q + 375. Give v(-6).
-243
Let a(l) = 7*l**2 + 206*l - 30. Determine a(-29).
-117
Let l(m) = -m**2 - 17*m + 136. What is l(11)?
-172
Let h(r) = -1297*r**2 - 11*r - 17. Give h(-1).
-1303
Let x(w) = -49*w + 2. Give x(1).
-47
Let c(q) = -q**3 - 12*q**2 + 26*q + 249. Determine c(-12).
-63
Let i(k) = -150*k - 2361. Give i(-17).
189
Let d(n) = 223*n + 1192. Give d(-4).
300
Let h(l) = 3844*l**2 + 38442*l + 11. Determine h(-10).
-9
Let m(s) = 62*s + 1276. What is m(-14)?
408
Let y(n) = -2*n**2 + 128*n - 1400. Calculate y(14).
0
Let a(b) = -17*b + 411. Give a(23).
20
Let u(t) = -199*t + 1386. Calculate u(7).
-7
Let u(s) = 361*s**3 - s**2 - s. Determine u(1).
359
Let p(i) = -3*i**2 + 19*i + 113. Determine p(-4).
-11
Let p(a) = 22*a + 253. Give p(-13).
-33
Let k(w) = 122*w + 194. Determine k(-2).
-50
Let q(w) = w**3 - 15*w**2 + 51*w - 36. Give q(11).
41
Let q(w) = -2*w**2 + 5*w + 78. Calculate q(8).
-10
Let i(b) = 807*b - 4023. Give i(5).
12
Let y(f) = -94*f + 4475. Give y(48).
-37
Let v(o) = -201*o - 16. Give v(0).
-16
Let t(m) = -183*m - 338. Calculate t(-2).
28
Let n(c) = 5*c**2 - 25*c - 7. Calculate n(5).
-7
Let v(p) = -8*p**3 + 8*p**2 - 104. What is v(0)?
-104
Let v(u) = u**3 - 4*u**2 + 10*u + 8. Calculate v(7).
225
Let x(w) = 6*w**2 - 94*w + 703. Calculate x(8).
335
Let v(i) = i**2 + 1619*i + 47669. Calculate v(-30).
-1
Let a(p) = -2*p**2 + 294*p - 856. Determine a(3).
8
Let x(w) = 44*w + 342. Calculate x(-5).
122
Let a(p) = -p**3 - 28*p**2 - 60*p - 63. What is a(-26)?
145
Let z(h) = 3*h**3 + 59*h**2 + 84*h - 103. Give z(-18).
5
Let d(f) = -54*f + 63. Give d(3).
-99
Let l(u) = 283*u - 21313. What is l(75)?
-88
Let x(l) = 2*l**3 - l**2 + 6*l - 22. Give x(2).
2
Let p(q) = -39*q + 3852. Calculate p(104).
-204
Let a(k) = -k**3 + 4*k**2 - 6*k + 12. Calculate a(4).
-12
Let h(d) = -621*d + 4984. What is h(8)?
16
Let f(l) = l**3 - 88*l**2 + 976*l - 64. Determine f(75).
11
Let u(h) = -3*h**2 - 105*h + 202. Determine u(2).
-20
Let i(q) = -2*q**2 + 70*q + 42. What is i(36)?
-30
Let r(h) = -6977*h - 209305. What is r(-30)?
5
Let b(p) = -4*p**2 - 413*p - 9833. Calculate b(-66).
1
Let y(b) = -b**3 + 6*b**2 + 16*b + 29. Calculate y(-6).
365
Let x(r) = 10*r**2 + 79*r - 84. Calculate x(-9).
15
Let u(v) = 22*v**2 + 100*v - 1. Determine u(-3).
-103
Let w(r) = -107*r - 7077. Determine w(-68).
199
Let h(q) = -q**3 + 8*q**2 - 73*q + 586. Give h(8).
2
Let o(y) = -4*y - 25. Determine o(-72).
263
Let j(z) = 11*z - 43. Give j(0).
-43
Let t(i) = -i**3 + 9*i**2 - 20*i + 22. What is t(5)?
22
Let t(g) = -2*g**3 + 7*g**2 - 6*g - 6. Determine t(3).
-15
Let c(x) = -2*x**2 + 53*x - 37. What is c(26)?
-11
Let h(v) = -v**3 + 11*v**2 + 21*v + 264. Give h(14).
-30
Let l(z) = z**3 - z**2 + 50*z - 152. Calculate l(3).
16
Let d(v) = 3*v**2 + 145*v - 950. Determine d(6).
28
Let s(d) = -1727*d + 17273. Determine s(10).
3
Let s(f) = -f**3 + 7*f**2 + 13*f - 128. What is s(7)?
-37
Let i(w) = w**3 + 34*w**2 + 65*w + 12. Calculate i(-32).
-20
Let s(p) = 9*p + 333. Determine s(-35).
18
Let x(c) = 2*c**2 + 4*c - 8. Determine x(-4).
8
Let j(w) = -2*w**3 - 6*w**2 + 60*w - 24. What is j(4)?
-8
Let d(l) = 4*l**3 - 22*l**2 - 3*l - 43. What is d(6)?
11
Let k(b) = 6*b**2 - 430*b + 3389. Give k(9).
5
Let n(g) = -3*g**3 - 7*g**2 - 22*g - 28. Give n(-2).
12
Let s(j) = -j**2 + 117*j + 4780. Give s(-32).
12
Let k(p) = -2*p**2 - 1070*p + 18776. Determine k(17).
8
Let f(w) = -w**3 + 38*w**2 - 62*w - 358. Give f(36).
2
Let y(r) = 4*r**2 - 3*r - 20. Give y(-5).
95
Let m(v) = v**2 - 3*v - 130. What is m(-10)?
0
Let t(c) = 412*c + 1668. Calculate t(-4).
20
Let v(p) = 14*p - 270. Determine v(-18).
-522
Let h(c) = 2*c**3 + 9*c**2 - 4*c - 35. What is h(-6)?
-119
Let j(x) = 103*x - 976. Determine j(10).
54
Let g(d) = 41325*d - 82648. Calculate g(2).
2
Let r(i) = -i**2 + 56*i + 132. What is r(64)?
-380
Let k(c) = 8*c - 366. Calculate k(-20).
-526
Let a(g) = 295*g - 7969. Give a(27).
-4
Let x(d) = -2*d**3 - 8*d**2 - 5*d + 1. Determine x(-3).
-2
Let y(p) = 3*p**2 - 62*p - 128. What is y(-2)?
8
Let f(d) = -d**3 - 26*d**2 - 26*d - 2. What is f(-25)?
23
Let l(g) = 75*g - 3511. What is l(45)?
-136
Let n(u) = 354*u + 3889. What is n(-11)?
-5
Let f(l) = -456*l - 4245. Determine f(-9).
-141
Let m(d) = -385*d - 1921. What is m(-5)?
4
Let f(o) = 48*o**2 - 74*o + 15. Determine f(2).
59
Let b(i) = -524*i + 410. Give b(2).
-638
Let w(p) = -p**3 + 53*p**2 + 6*p - 432. Give w(53).
-114
Let y(i) = 8348*i - 16704. Determine y(2).
-8
Let m(o) = -38*o + 40. Determine m(6).
-188
Let b(y) = y**3 + 21*y**2 - 91*y + 318. What is b(-25)?
93
Let n(y) = 172*y - 11201. Give n(65).
-21
Let g(h) = -4*h**2 + 248*h + 154. Calculate g(63).
-98
Let y(u) = 11*u**2 - 14*u + 17. Give y(-2).
89
Let b(k) = 13*k**3 - 8*k + 17. Calculate b(2).
105
Let y(a) = 63*a + 440. Give y(-7).
-1
Let r(s) = -22*s + 15. What is r(-13)?
301
Let h(j) = -j**3 - 25*j**2 + 21*j - 10. Give h(-26).
120
Let s(i) = i**3 - 6*i**2 - 72*i + 13. Calculate s(6).
-419
Let g(a) = -2606*a - 2619. Determine g(-1).
-13
Let x(r) = -8*r**2 - 40*r + 8. Determine x(-5).
8
Let a(d) = -d**3 - 12*d**2 - 27*d + 66. Give a(-6).
12
Let v(g) = -63*g**2 + 367*g + 49. What is v(6)?
-17
Let g(z) = -638*z - 3823. Determine g(-6).
5
Let d(b) = -b**3 + 14*b**2 + 25*b + 102. What is d(16)?
-10
Let f(o) = -2*o**3 + 17*o**2 - 9*o - 12. Determine f(9).
-174
Let i(p) = p**2 + 107*p + 2348. Give i(-76).
-8
Let m(u) = 2*u**3 - 14*u**2 - 15*u + 3. Give m(9).
192
Let u(f) = -4*f - 29. What is u(-6)?
-5
Let u(m) = 8*m**2 + 430*m + 725. What is u(-52)?
-3
Let p(c) = 9*c - 38. Determine p(-10).
-128
Let b(n) = -n**3 - 49*n**2 - 39*n + 429. Calculate b(-48).
-3
Let a(p) = 23*p - 43. Calculate a(6).
95
Let k(c) = -8*c**2 - 40*c + 14. Calculate k(-5).
14
Let y(r) = -r**2 + 3*r + 459. Give y(34).
-595
Let g(o) = -186*o + 1388. What is g(7)?
86
Let i(d) = -80*d + 1186. Give i(12).
226
Let u(l) = 20*l + 488. Give u(17).
828
Let j(a) = 2*a**3 - 11*a**2 + 7*a + 32. Give j(7).
228
Let w(d) = -6*d**3 + d**2 - 11*d + 13. What is w(2)?
-53
Let m(n) = -7*n + 324. Give m(46).
2
Let a(r) = 39*r - 267. Give a(11).
162
Let s(o) = 47*o - 199. Determine s(6).
83
Let k(c) = 320*c**2 - 957*c - 5. Calculate k(3).
4
Let u(g) = 1273*g + 8914. Determine u(-7).
3
Let f(k) = 2004*k + 16020. What is f(-8)?
-12
Let l(r) = 52*r + 469. Calculate l(-8).
53
Let s(r) = -r**3 - 3*r**2 + 3*r - 45. Give s(0).
-45
Let r(v) = -10685*v - 42746. Determine r(-4).
-6
Let g(m) = 281*m**3 - 2246*m**2 - 13*m - 22. Determine g(8).
2
Let t(g) = -273*g - 10105. What is t(-37)?
-4
Let f(x) = 24*x - 42. Determine f(11).
222
Let k(o) = 2*o**3 + 137*o**2 - 70*o - 320. Determine k(-69).
-251
Let w(h) = -h - 39. Calculate w(-5).
-34
Let r(j) = -j**3 + 67*j**2 - 136*j + 358. Calculate r(65).
-32
Let k(j) = -581*j + 2322. Give k(4).
-2
Let z(t) = -12*t**2 - 118*t - 25. What is z(-10)?
-45
Let r(y) = -10*y**3 + 158*y**2 + 28*y + 52. What is r(16)?
-12
Let m(z) = 2*z**3 + 9*z**2 + 13*z + 42. Determine m(-4).
6
Let l(v) = v**2 - 258*v - 4084. Give l(-15).
11
Let l(a) = a**3 + 9*a**2 + 11*a + 16. What is l(-8)?
-8
Let s(w) = -w**2 + 147*w - 1251. What is s(9)?
-9
Let q(y) = y**2 + 34*y + 190. Calculate q(-25).
-35
L